2) to base 16.
1ab6
-2c44 (base 13) to base 16
-194e
Convert -10b73 (base 12) to base 15.
-698c
-431 (base 11) to base 5
-4033
-744 (base 12) to base 5
-13220
Convert -10350 (base 6) to base 7.
-4116
What is -ba8 (base 14) in base 6?
-14400
Convert -13 (base 7) to base 10.
-10
What is -1221 (base 7) in base 9?
-556
What is 445 (base 9) in base 3?
111112
Convert 4459 (base 12) to base 6.
54553
-58b (base 12) to base 3
-1010122
-4013 (base 5) to base 9
-624
What is -6404 (base 9) in base 7?
-16465
Convert -644 (base 10) to base 16.
-284
Convert 241 (base 11) to base 6.
1155
-15402 (base 6) to base 12
-1562
-11022011 (base 3) to base 5
-100021
-20401 (base 5) to base 10
-1351
Convert -2200210 (base 4) to base 6.
-115324
470 (base 8) to base 16
138
What is -25c (base 14) in base 16?
-1da
Convert -5cb (base 13) to base 3.
-1101111
What is 4200 (base 7) in base 2?
10110111110
Convert 206 (base 8) to base 2.
10000110
What is 1012122012 (base 3) in base 15?
70b2
What is 924 (base 10) in base 7?
2460
What is -295 (base 12) in base 2?
-110010001
51510 (base 9) to base 14
c52c
Convert 177 (base 12) to base 7.
454
Convert -615 (base 7) to base 11.
-259
-5526 (base 11) to base 16
-1c78
What is 29 (base 16) in base 15?
2b
111136 (base 7) to base 10
19627
What is 10310102 (base 4) in base 10?
19730
Convert -2220210 (base 3) to base 11.
-1664
What is 101100111 (base 2) in base 11?
2a7
Convert -4497 (base 12) to base 5.
-220403
Convert -2059 (base 10) to base 2.
-100000001011
What is -4434 (base 7) in base 4?
-120321
What is 10010101011 (base 2) in base 5?
14240
What is -10aa (base 13) in base 6?
-14453
25424 (base 8) to base 15
3403
16b (base 12) to base 8
343
What is -33037 (base 8) in base 13?
-63ca
What is 12630 (base 7) in base 10?
3402
Convert 14745 (base 8) to base 13.
302c
What is -103131 (base 4) in base 13?
-74a
12352 (base 6) to base 16
74c
Convert -2100 (base 6) to base 5.
-3333
-15599 (base 11) to base 4
-11113321
201432 (base 5) to base 2
1100101011100
-2795 (base 12) to base 16
-11e1
4124 (base 10) to base 15
134e
What is -3162 (base 7) in base 6?
-5110
Convert 11101110101 (base 2) to base 13.
b3b
What is 386 (base 9) in base 4?
11001
What is -1228 (base 9) in base 5?
-12132
-4028 (base 9) to base 4
-231332
What is -232 (base 9) in base 14?
-d9
What is 12332320 (base 4) in base 10?
28600
Convert 30515 (base 8) to base 13.
598b
What is 74135 (base 8) in base 15?
91e3
What is -3254 (base 10) in base 8?
-6266
What is 4547 (base 8) in base 3?
10022011
What is 555 (base 10) in base 3?
202120
What is e74b (base 15) in base 13?
19343
-11001220 (base 3) to base 13
-1473
What is -20032 (base 5) in base 8?
-2363
What is -35076 (base 9) in base 11?
-16640
What is 1c51 (base 15) in base 16?
1807
1110000010110 (base 2) to base 8
16026
-1196 (base 16) to base 11
-3423
Convert -11740 (base 8) to base 14.
-1bd6
Convert -1113003 (base 4) to base 16.
-15c3
49 (base 11) to base 8
65
What is 6c0 (base 13) in base 4?
102102
Convert -180 (base 11) to base 14.
-10d
What is -a5e (base 15) in base 14?
-bd1
102 (base 10) to base 14
74
What is 8289 (base 10) in base 9?
12330
2522 (base 8) to base 5
20422
-469c (base 15) to base 5
-434442
12100 (base 7) to base 14
1200
615c (base 15) to base 13
9489
What is -3c2 (base 13) in base 16?
-299
Convert -101111100000100 (base 2) to base 3.
-1020100220
Convert 1528 (base 10) to base 15.
6bd
Convert 43621 (base 8) to base 6.
220453
5040 (base 8) to base 16
a20
What is -101003 (base 4) in base 10?
-1091
-f74 (base 16) to base 6
-30152
5665 (base 10) to base 6
42121
-213344 (base 5) to base 10
-7349
Convert -676 (base 11) to base 14.
-41b
What is 1605 (base 9) in base 2?
10011000100
-2467 (base 12) to base 4
-1000033
-31232220 (base 4) to base 12
-28660
Convert 19112 (base 10) to base 16.
4aa8
290d (base 15) to base 16
2254
10000111100011 (base 2) to base 12
502b
106752 (base 9) to base 7
354461
Convert -570 (base 12) to base 11.
-671
Convert -58a2 (base 12) to base 6.
-113522
Convert 511 (base 9) to base 2.
110011111
27563 (base 8) to base 15
38ec
Convert 256 (base 7) to base 8.
213
Convert -210010101 (base 3) to base 7.
-62620
Convert -71 (base 16) to base 3.
-11012
594 (base 11) to base 15
323
Convert -200200 (base 3) to base 16.
-1f8
Convert 11342 (base 14) to base 11.
29456
Convert 3041 (base 6) to base 12.
481
What is 169 (base 10) in base 14?
c1
Convert -6422 (base 13) to base 10.
-13886
3246 (base 12) to base 5
134101
What is -11110110111000 (base 2) in base 10?
-15800
-3153 (base 7) to base 16
-45c
4b2 (base 16) to base 8
2262
What is -3863 (base 11) in base 9?
-6808
Convert -10210021 (base 3) to base 12.
-1721
What is a16a (base 16) in base 4?
22011222
What is -1111000111110001 (base 2) in base 3?
-10010221222
Convert -2001 (base 5) to base 2.
-11111011
Convert -101100 (base 2) to base 13.
-35
What is -12331 (base 4) in base 5?
-3240
What is -4124 (base 5) in base 14?
-2a7
c4 (base 14) to base 3
20101
1121340 (base 5) to base 8
47374
Convert -2535 (base 6) to base 4.
-21323
Convert 16ca (base 14) to base 3.
12121210
Convert 82b (base 16) to base 6.
13403
What is 4306 (base 8) in base 13?
103a
What is -20410 (base 5) in base 12?
-94b
Convert -232 (base 5) to base 9.
-74
What is -1c3c (base 15) in base 9?
-8363
214 (base 9) to base 5
1200
Convert 3943 (base 14) to base 8.
23507
Convert -1740 (base 12) to base 4.
-223200
Convert -18aa (base 11) to base 2.
-100101110011
Convert -14e71 (base 16) to base 2.
-10100111001110001
Convert -201023 (base 4) to base 14.
-ab9
393 (base 11) to base 6
2053
334 (base 15) to base 3
222211
-18c (base 16) to base 12
-290
Convert -1366 (base 11) to base 15.
-7cb
-10222222 (base 3) to base 14
-10c3
Convert 1deb (base 15) to base 10.
6521
Convert 44a0 (base 12) to base 3.
101102210
Convert 1004 (base 12) to base 8.
3304
Convert 1108 (base 13) to base 5.
33444
What is -30 (base 9) in base 8?
-33
What is 10100011000100 (base 2) in base 3?
112022112
Convert -100010100 (base 2) to base 11.
-231
Convert -11661 (base 8) to base 2.
-1001110110001
What is -154a3 (base 11) in base 5?
-1200033
What is 1020021 (base 4) in base 9?
6300
Convert -124 (base 14) to base 13.
-147
-112122122 (base 3) to base 12
-6222
What is 231b (base 15) in base 2?
1110100011011
Convert -1132301 (base 4) to base 15.
-1be5
What is -23114 (base 7) in base 9?
-8065
What is -1111111011 (base 2) in base 16?
-3fb
What is -15252 (base 7) in base 9?
-5743
Convert -237 (base 10) to base 2.
-11101101
Convert 62 (base 13) to base 9.
88
-19527 (base 11) to base 9
-41342
1351 (base 12) to base 6
14141
-1325 (base 8) to base 7
-2054
Convert 1100110 (base 4) to base 6.
35444
Convert 1127 (base 8) to base 4.
21113
What is 17f0 (base 16) in base 3?
22101222
-e1 (base 15) to base 16
-d3
Convert -11137 (base 9) to base 3.
-101011021
Convert -210001 (base 3) to base 5.
-4233
Convert -11 (base 7) to base 3.
-22
What is -70c7 (base 16) in base 9?
-43538
1580 (base 11) to base 7
5621
What is -11716 (base 10) in base 14?
-43ac
-2b01 (base 12) to base 15
-1761
-5445 (base 9) to base 3
-12111112
Convert -847 (base 16) to base 10.
-2119
11111 (base 5) to base 3
1001221
3c5 (base 15) to base 11
712
251504 (base 7) to base 2
1011010010000011
Convert 31032100 (base 4) to base 12.
27414
185 (base 9) to base 7
314
Convert -1b1a (base 15) to base 8.
-13363
1102121210 (base 3) to base 2
110110111111011
-320c (base 13) to base 7
-26144
Convert -585b (base 15) to base 6.
-222505
Convert 2af (base 16) to base 15.
30c
Convert 15625 (base 10) to base 9.
23381
What is -4387 (base 9) in base 10?
-3238
111011 (base 2) to base 15
3e
2532 (base 8) to base 5
20440
What is -4501 (base 6) in base 10?
-1045
Convert 3323 (base 5) to base 10.
463
What is 101310 (base 4) in base 13?
699
-2d14 (base 14) to base 6
-101142
What is 6889 (base 10) in base 8?
15351
Convert 1932 (base 16) to base 11.
4934
Convert -1165 (base 7) to base 10.
-439
What is -99 (base 13) in base 2?
-1111110
What is 101110001010110 (base 2) in base 10?
23638
What is -1310 (base 4) in base 3?
-11022
Convert 3ae3 (base 16) to base 3.
202200100
Convert -11110202 (base 4) to base 6.
-244522
Convert -2201321 (base 4) to base 13.
-4940
Convert 1010110 (base 2) to base 6.
222
What is -1211120 (base 3) in base 9